{"id":2651,"date":"2021-02-02T21:43:44","date_gmt":"2021-02-02T21:43:44","guid":{"rendered":"http:\/\/vorosvadasz.com\/?page_id=2651"},"modified":"2021-02-17T11:11:07","modified_gmt":"2021-02-17T11:11:07","slug":"szofus-2","status":"publish","type":"page","link":"https:\/\/vorosvadasz.com\/?page_id=2651","title":{"rendered":"Szofus"},"content":{"rendered":"\t\t<div data-elementor-type=\"wp-page\" data-elementor-id=\"2651\" class=\"elementor elementor-2651\">\n\t\t\t\t\t\t<div class=\"elementor-inner\">\n\t\t\t\t<div class=\"elementor-section-wrap\">\n\t\t\t\t\t\t\t\t\t<section class=\"elementor-section elementor-top-section elementor-element elementor-element-7ee03bc elementor-section-boxed elementor-section-height-default elementor-section-height-default\" data-id=\"7ee03bc\" data-element_type=\"section\">\n\t\t\t\t\t\t<div class=\"elementor-container elementor-column-gap-default\">\n\t\t\t\t\t\t\t<div class=\"elementor-row\">\n\t\t\t\t\t<div class=\"elementor-column elementor-col-100 elementor-top-column elementor-element elementor-element-c96404f\" data-id=\"c96404f\" data-element_type=\"column\">\n\t\t\t<div class=\"elementor-column-wrap elementor-element-populated\">\n\t\t\t\t\t\t\t<div class=\"elementor-widget-wrap\">\n\t\t\t\t\t\t<div class=\"elementor-element elementor-element-b52b05f elementor-position-left elementor-vertical-align-top elementor-widget elementor-widget-image-box\" data-id=\"b52b05f\" data-element_type=\"widget\" data-widget_type=\"image-box.default\">\n\t\t\t\t<div class=\"elementor-widget-container\">\n\t\t\t<div class=\"elementor-image-box-wrapper\"><figure class=\"elementor-image-box-img\"><img width=\"640\" height=\"492\" src=\"https:\/\/vorosvadasz.com\/wp-content\/uploads\/2021\/02\/DSCN0058-2-1024x787.jpg\" class=\"attachment-large size-large wp-image-2839\" alt=\"\" loading=\"lazy\" srcset=\"https:\/\/vorosvadasz.com\/wp-content\/uploads\/2021\/02\/DSCN0058-2-1024x787.jpg 1024w, https:\/\/vorosvadasz.com\/wp-content\/uploads\/2021\/02\/DSCN0058-2-300x231.jpg 300w, https:\/\/vorosvadasz.com\/wp-content\/uploads\/2021\/02\/DSCN0058-2-768x590.jpg 768w, https:\/\/vorosvadasz.com\/wp-content\/uploads\/2021\/02\/DSCN0058-2-1536x1180.jpg 1536w, https:\/\/vorosvadasz.com\/wp-content\/uploads\/2021\/02\/DSCN0058-2.jpg 1952w\" sizes=\"(max-width: 640px) 100vw, 640px\" \/><\/figure><div class=\"elementor-image-box-content\"><h3 class=\"elementor-image-box-title\">V\u00f6r\u00f6s Vad\u00e1sz Edradour<\/h3><p class=\"elementor-image-box-description\"><span style=\"white-space: normal;\">V\u00f6r\u00f6s Vad\u00e1sz Edradour, roepnaam Sofus, geboren 7 juni 2019. Szofus is nu in opleiding voor de veldwerk, appotering en show, later ga wij ook Zweetwerk met hem doen. In 2020 heb wij de eerste veldwerk wedstrijden gehad met Szofus en hier heb hij zich bewezen in zijn eerste wedstrijd.<\/span><\/p><\/div><\/div>\t\t<\/div>\n\t\t\t\t<\/div>\n\t\t\t\t\t\t<\/div>\n\t\t\t\t\t<\/div>\n\t\t<\/div>\n\t\t\t\t\t\t\t\t<\/div>\n\t\t\t\t\t<\/div>\n\t\t<\/section>\n\t\t\t\t<section class=\"elementor-section elementor-top-section elementor-element elementor-element-c6550df elementor-section-boxed elementor-section-height-default elementor-section-height-default\" data-id=\"c6550df\" data-element_type=\"section\">\n\t\t\t\t\t\t<div class=\"elementor-container elementor-column-gap-default\">\n\t\t\t\t\t\t\t<div class=\"elementor-row\">\n\t\t\t\t\t<div class=\"elementor-column elementor-col-100 elementor-top-column elementor-element elementor-element-434992c\" data-id=\"434992c\" data-element_type=\"column\">\n\t\t\t<div class=\"elementor-column-wrap elementor-element-populated\">\n\t\t\t\t\t\t\t<div class=\"elementor-widget-wrap\">\n\t\t\t\t\t\t<div class=\"elementor-element elementor-element-fc9ed63 elementor-widget elementor-widget-text-editor\" data-id=\"fc9ed63\" data-element_type=\"widget\" data-widget_type=\"text-editor.default\">\n\t\t\t\t<div class=\"elementor-widget-container\">\n\t\t\t\t\t\t\t\t<div class=\"elementor-text-editor elementor-clearfix\">\n\t\t\t\t<h4>Veldwerk Kwalificaties<\/h4><h4>Jeugd:<\/h4><p>16-07-2020 Derby Oostenrijk 1 zeer goed<\/p>\t\t\t\t\t<\/div>\n\t\t\t\t\t\t<\/div>\n\t\t\t\t<\/div>\n\t\t\t\t\t\t<\/div>\n\t\t\t\t\t<\/div>\n\t\t<\/div>\n\t\t\t\t\t\t\t\t<\/div>\n\t\t\t\t\t<\/div>\n\t\t<\/section>\n\t\t\t\t<section class=\"elementor-section elementor-top-section elementor-element elementor-element-b668d2f elementor-section-boxed elementor-section-height-default elementor-section-height-default\" data-id=\"b668d2f\" data-element_type=\"section\">\n\t\t\t\t\t\t<div class=\"elementor-container elementor-column-gap-default\">\n\t\t\t\t\t\t\t<div class=\"elementor-row\">\n\t\t\t\t\t<div class=\"elementor-column elementor-col-100 elementor-top-column elementor-element elementor-element-b95451e\" data-id=\"b95451e\" data-element_type=\"column\">\n\t\t\t<div class=\"elementor-column-wrap elementor-element-populated\">\n\t\t\t\t\t\t\t<div class=\"elementor-widget-wrap\">\n\t\t\t\t\t\t<div class=\"elementor-element elementor-element-c4b9696 elementor-widget elementor-widget-gallery\" data-id=\"c4b9696\" data-element_type=\"widget\" data-settings=\"{&quot;gallery_layout&quot;:&quot;justified&quot;,&quot;image_hover_animation&quot;:&quot;shrink-contained&quot;,&quot;ideal_row_height&quot;:{&quot;unit&quot;:&quot;px&quot;,&quot;size&quot;:200,&quot;sizes&quot;:[]},&quot;ideal_row_height_tablet&quot;:{&quot;unit&quot;:&quot;px&quot;,&quot;size&quot;:150,&quot;sizes&quot;:[]},&quot;ideal_row_height_mobile&quot;:{&quot;unit&quot;:&quot;px&quot;,&quot;size&quot;:150,&quot;sizes&quot;:[]},&quot;gap&quot;:{&quot;unit&quot;:&quot;px&quot;,&quot;size&quot;:10,&quot;sizes&quot;:[]},&quot;gap_tablet&quot;:{&quot;unit&quot;:&quot;px&quot;,&quot;size&quot;:10,&quot;sizes&quot;:[]},&quot;gap_mobile&quot;:{&quot;unit&quot;:&quot;px&quot;,&quot;size&quot;:10,&quot;sizes&quot;:[]},&quot;link_to&quot;:&quot;file&quot;,&quot;overlay_background&quot;:&quot;yes&quot;,&quot;content_hover_animation&quot;:&quot;fade-in&quot;}\" data-widget_type=\"gallery.default\">\n\t\t\t\t<div class=\"elementor-widget-container\">\n\t\t\t\t\t<div class=\"elementor-gallery__container\">\n\t\t\t\t\t\t\t<a class=\"e-gallery-item elementor-gallery-item elementor-animated-content\" href=\"https:\/\/vorosvadasz.com\/wp-content\/uploads\/2021\/02\/Szofus-Stamboom.jpg\" data-elementor-open-lightbox=\"yes\" data-elementor-lightbox-slideshow=\"all-c4b9696\" data-elementor-lightbox-title=\"Szofus Stamboom\" data-e-action-hash=\"#elementor-action%3Aaction%3Dlightbox%26settings%3DeyJpZCI6Mjg0MywidXJsIjoiaHR0cHM6XC9cL3Zvcm9zdmFkYXN6LmNvbVwvd3AtY29udGVudFwvdXBsb2Fkc1wvMjAyMVwvMDJcL1N6b2Z1cy1TdGFtYm9vbS5qcGciLCJzbGlkZXNob3ciOiJhbGwtYzRiOTY5NiJ9\">\n\t\t\t\t\t<div class=\"e-gallery-image elementor-gallery-item__image\" data-thumbnail=\"https:\/\/vorosvadasz.com\/wp-content\/uploads\/2021\/02\/Szofus-Stamboom-210x300.jpg\" data-width=\"210\" data-height=\"300\" alt=\"\" ><\/div>\n\t\t\t\t\t\t\t\t\t\t<div class=\"elementor-gallery-item__overlay\"><\/div>\n\t\t\t\t\t\t\t\t\t\t\t\t\t\t<\/a>\n\t\t\t\t\t\t\t<a class=\"e-gallery-item elementor-gallery-item elementor-animated-content\" href=\"https:\/\/vorosvadasz.com\/wp-content\/uploads\/2021\/02\/Gebruikshonden-cert.png\" data-elementor-open-lightbox=\"yes\" data-elementor-lightbox-slideshow=\"all-c4b9696\" data-elementor-lightbox-title=\"Gebruikshonden cert\" data-e-action-hash=\"#elementor-action%3Aaction%3Dlightbox%26settings%3DeyJpZCI6Mjg0MCwidXJsIjoiaHR0cHM6XC9cL3Zvcm9zdmFkYXN6LmNvbVwvd3AtY29udGVudFwvdXBsb2Fkc1wvMjAyMVwvMDJcL0dlYnJ1aWtzaG9uZGVuLWNlcnQucG5nIiwic2xpZGVzaG93IjoiYWxsLWM0Yjk2OTYifQ%3D%3D\">\n\t\t\t\t\t<div class=\"e-gallery-image elementor-gallery-item__image\" data-thumbnail=\"https:\/\/vorosvadasz.com\/wp-content\/uploads\/2021\/02\/Gebruikshonden-cert-210x300.png\" data-width=\"210\" data-height=\"300\" alt=\"\" ><\/div>\n\t\t\t\t\t\t\t\t\t\t<div class=\"elementor-gallery-item__overlay\"><\/div>\n\t\t\t\t\t\t\t\t\t\t\t\t\t\t<\/a>\n\t\t\t\t\t\t\t<a class=\"e-gallery-item elementor-gallery-item elementor-animated-content\" href=\"https:\/\/vorosvadasz.com\/wp-content\/uploads\/2021\/02\/Szofus-oogtest.jpg\" data-elementor-open-lightbox=\"yes\" data-elementor-lightbox-slideshow=\"all-c4b9696\" data-elementor-lightbox-title=\"Szofus oogtest\" data-e-action-hash=\"#elementor-action%3Aaction%3Dlightbox%26settings%3DeyJpZCI6Mjg0MiwidXJsIjoiaHR0cHM6XC9cL3Zvcm9zdmFkYXN6LmNvbVwvd3AtY29udGVudFwvdXBsb2Fkc1wvMjAyMVwvMDJcL1N6b2Z1cy1vb2d0ZXN0LmpwZyIsInNsaWRlc2hvdyI6ImFsbC1jNGI5Njk2In0%3D\">\n\t\t\t\t\t<div class=\"e-gallery-image elementor-gallery-item__image\" data-thumbnail=\"https:\/\/vorosvadasz.com\/wp-content\/uploads\/2021\/02\/Szofus-oogtest-216x300.jpg\" data-width=\"216\" data-height=\"300\" alt=\"\" ><\/div>\n\t\t\t\t\t\t\t\t\t\t<div class=\"elementor-gallery-item__overlay\"><\/div>\n\t\t\t\t\t\t\t\t\t\t\t\t\t\t<\/a>\n\t\t\t\t\t\t\t<a class=\"e-gallery-item elementor-gallery-item elementor-animated-content\" href=\"https:\/\/vorosvadasz.com\/wp-content\/uploads\/2021\/02\/Szofus-hd.jpg\" data-elementor-open-lightbox=\"yes\" data-elementor-lightbox-slideshow=\"all-c4b9696\" data-elementor-lightbox-title=\"Szofus hd\" data-e-action-hash=\"#elementor-action%3Aaction%3Dlightbox%26settings%3DeyJpZCI6Mjg0MSwidXJsIjoiaHR0cHM6XC9cL3Zvcm9zdmFkYXN6LmNvbVwvd3AtY29udGVudFwvdXBsb2Fkc1wvMjAyMVwvMDJcL1N6b2Z1cy1oZC5qcGciLCJzbGlkZXNob3ciOiJhbGwtYzRiOTY5NiJ9\">\n\t\t\t\t\t<div class=\"e-gallery-image elementor-gallery-item__image\" data-thumbnail=\"https:\/\/vorosvadasz.com\/wp-content\/uploads\/2021\/02\/Szofus-hd-241x300.jpg\" data-width=\"241\" data-height=\"300\" alt=\"\" ><\/div>\n\t\t\t\t\t\t\t\t\t\t<div class=\"elementor-gallery-item__overlay\"><\/div>\n\t\t\t\t\t\t\t\t\t\t\t\t\t\t<\/a>\n\t\t\t\t\t<\/div>\n\t\t\t<\/div>\n\t\t\t\t<\/div>\n\t\t\t\t\t\t<\/div>\n\t\t\t\t\t<\/div>\n\t\t<\/div>\n\t\t\t\t\t\t\t\t<\/div>\n\t\t\t\t\t<\/div>\n\t\t<\/section>\n\t\t\t\t\t\t\t\t\t<\/div>\n\t\t\t<\/div>\n\t\t\t\t\t<\/div>\n\t\t","protected":false},"excerpt":{"rendered":"<p>V\u00f6r\u00f6s Vad\u00e1sz Edradour V\u00f6r\u00f6s Vad\u00e1sz Edradour, roepnaam Sofus, geboren 7 juni 2019. Szofus is nu in opleiding voor de veldwerk, appotering en show, later ga wij ook Zweetwerk met hem doen. In 2020 heb wij de eerste veldwerk wedstrijden gehad met Szofus en hier heb hij zich bewezen in zijn<\/p>\n","protected":false},"author":1,"featured_media":0,"parent":0,"menu_order":0,"comment_status":"closed","ping_status":"closed","template":"","meta":[],"_links":{"self":[{"href":"https:\/\/vorosvadasz.com\/index.php?rest_route=\/wp\/v2\/pages\/2651"}],"collection":[{"href":"https:\/\/vorosvadasz.com\/index.php?rest_route=\/wp\/v2\/pages"}],"about":[{"href":"https:\/\/vorosvadasz.com\/index.php?rest_route=\/wp\/v2\/types\/page"}],"author":[{"embeddable":true,"href":"https:\/\/vorosvadasz.com\/index.php?rest_route=\/wp\/v2\/users\/1"}],"replies":[{"embeddable":true,"href":"https:\/\/vorosvadasz.com\/index.php?rest_route=%2Fwp%2Fv2%2Fcomments&post=2651"}],"version-history":[{"count":13,"href":"https:\/\/vorosvadasz.com\/index.php?rest_route=\/wp\/v2\/pages\/2651\/revisions"}],"predecessor-version":[{"id":3137,"href":"https:\/\/vorosvadasz.com\/index.php?rest_route=\/wp\/v2\/pages\/2651\/revisions\/3137"}],"wp:attachment":[{"href":"https:\/\/vorosvadasz.com\/index.php?rest_route=%2Fwp%2Fv2%2Fmedia&parent=2651"}],"curies":[{"name":"wp","href":"https:\/\/api.w.org\/{rel}","templated":true}]}}